mposite?
False
Let b = -13 - -153. Is 124100/b - 8/(-14) prime?
True
Let q(g) = g**2 + 15*g - 227. Is q(-25) a prime number?
True
Suppose 509*f = 508*f + 163. Is f composite?
False
Let w(f) = f - 8. Let n be w(3). Let a be (-1 - 2) + (-7200)/n. Let j = -746 + a. Is j composite?
False
Let m = 25635 - 18188. Is m a prime number?
False
Let k be 9/2 + 1/(-2). Suppose -x - k*i = -i - 28, -5*x + 152 = 3*i. Is x a composite number?
False
Let c(q) = q**3 - 17*q**2 + 13*q + 46. Suppose -3*t - 8*t + 187 = 0. Is c(t) a prime number?
False
Suppose -2*m = -5*n + 26166, -2*n + 7633 = -5*m - 2846. Suppose -4678 - n = -2*r. Is r a prime number?
False
Let l be -4 + 7738*3/6. Is (-6)/9 - l/(-15) composite?
False
Is 7/(28/27220) - 2 composite?
False
Is (-6504)/(-2) - (24/(-8))/(-3) a composite number?
False
Let r(x) = 165*x**3 + 5*x**2 - 3*x - 1. Let g be r(3). Suppose 6*n - 5617 = n - 4*u, -g = -4*n - 2*u. Is n a composite number?
True
Suppose 0 = -3*r + 5*t + 152968, -2*r + 67852 = 5*t - 34085. Is r prime?
False
Let t(d) = d + 3. Let g(i) = -i**2 - 2*i + 1. Let w be g(-2). Let x be t(w). Suppose -4*u - 1644 = -x*q, 0 = -0*u + 3*u + 6. Is q prime?
True
Let j be (-3)/2*(9 - 11). Suppose 4*x + 501 = j*x. Let i = x + 988. Is i a prime number?
True
Suppose 3*u - 3*w - 27 = 0, 4*u = -5*w + 11 + 16. Let t(c) = 9*c**2 + 2*c + 11. Let j be t(-7). Suppose u = 2*p - j. Is p a composite number?
False
Let g = -7526 + 18640. Is g prime?
False
Let p(b) = -836*b + 3. Suppose -20 + 21 = -w. Is p(w) a prime number?
True
Let n(k) = k**2 + 4. Let v be n(0). Let b be 0/(5 - 12/v). Suppose b*q = -2*q + 502. Is q a prime number?
True
Let a = 597 - 62. Is a composite?
True
Let m = 1464 + -995. Is m a prime number?
False
Suppose 6*s = 3*s + 15. Suppose s*d + 34 = 224. Suppose -4*u - 7 = k - d, -5*k + 91 = 4*u. Is k prime?
False
Suppose 8 = -3*p + 11. Let x be (p/2)/(1/(-14)). Is 146/14 - (-3)/x a prime number?
False
Suppose -3*b - 2680 + 22 = 0. Let g = 1352 + b. Is g a prime number?
False
Suppose p - 33111 = -5*o + 5*p, -o = 5*p - 6599. Is o a composite number?
False
Let q = -17 - -35. Let d = -94 - -260. Suppose -q + d = 4*v. Is v a prime number?
True
Let q(p) = -p**3 + 12*p**2 - 3*p - 5. Suppose -40 = 2*m + 4*v, 5*v + 90 = -2*m - 3*m. Let o = -7 - m. Is q(o) a composite number?
False
Let u(g) = -38*g - 2. Let o be (-87)/18 + (-2)/12. Let k be u(o). Is (k/8)/(2/52) composite?
True
Let y(d) = 94*d + 73. Let s(q) = q - 1. Let g(w) = -4*s(w) - y(w). Is g(-6) prime?
False
Suppose 1075 = -3*v - 443. Let t = -764 + v. Let z = -683 - t. Is z prime?
True
Suppose -5*p = -w + 177, -5*p - 502 - 176 = -4*w. Suppose -3*r + w = 20. Is r a prime number?
False
Suppose -5*s - z + 1993 = 0, s - z - 37 = 364. Let v = -219 + -65. Let t = s + v. Is t a prime number?
False
Let f(z) = 2*z**2 + 9*z + 11. Let m be f(-5). Let p be m/4*(-1)/2. Is p*(327/(-6) - 3) a prime number?
False
Suppose -12*t = -2*t - 18770. Suppose -4*o = -d - t, -2*o - 153 = -d - 1092. Is o composite?
True
Let y = -533 + 924. Suppose -3*a + 191 = -y. Suppose -m - 4*g + 153 = 0, -2*m - 4*g + 116 = -a. Is m composite?
False
Let w(p) = -19*p + 1. Let a be w(4). Let q = 84 - a. Is q a prime number?
False
Let v = 38 - 33. Let p(q) = 181*q + 2. Is p(v) a prime number?
True
Suppose q - 3129 = -570. Suppose 10*h - q = 7*h. Is h a prime number?
True
Let j(g) = 1074*g**2 - 5*g - 21. Is j(-4) prime?
True
Let w(j) = -62*j - 42. Let s be w(17). Let d = s + 1769. Is d composite?
False
Suppose -5*v + 4 + 1 = 0. Suppose 45 - v = r. Suppose -2*w - r = -6*w. Is w a composite number?
False
Suppose -15 = -5*u - 90. Let o(h) = 514*h + 1. Let y be o(u). Is y/(-11) - (-2)/11 prime?
True
Let a = 45307 + -27852. Is a prime?
False
Suppose -99*m + 312295 = -94*m. Is m prime?
True
Suppose -7406 = 5*g + 7964. Let v = g - -4731. Is v prime?
True
Let t(c) = -c**2 - 8*c - 3. Let s be t(-6). Suppose -2*h = -s*h + 1015. Is h composite?
True
Suppose 43912 = -52*f + 60*f. Is f a composite number?
True
Suppose -q - 16 = -3*y + 12, -20 = 5*q. Suppose 2*x + 8 = 2*f + 4*x, 2*f = -5*x + y. Suppose 5*u = -4 - 1, 0 = -2*v - f*u + 2950. Is v a composite number?
True
Let w = 1544 + -2728. Let c = 456 + w. Let a = c + 1093. Is a a composite number?
True
Suppose 0 = -2*m - 2, -3*r + 0*m + 35036 = -5*m. Is r composite?
False
Let l = -12438 + 22241. Is l prime?
True
Suppose -5855 = 51*y - 56*y. Is y composite?
False
Suppose -7*j + 766 = -3*j - 2*l, -4*j + 746 = 2*l. Let c be 2 + 4*(-2)/(-4). Suppose -5*o + 2515 = -c*t, 3*o = -t + j + 1303. Is o composite?
False
Is 16488/18 + 1 + 2 composite?
False
Suppose 2*w - 5*j = 15288, 3*w + 4*j - 2043 = 20866. Is w composite?
False
Let p be -5*(-4 - 878/2). Suppose 11*l + p = 6*l. Let u = l - -928. Is u a composite number?
True
Let u = 24 - 13. Let m(h) = h**2 - 4*h - 3. Let d be m(19). Let o = u + d. Is o a prime number?
True
Let v(b) = -b**3 + 3*b**2 + 5*b - 2. Suppose 4 = -2*k, 5*d + 4*k + 1 = 13. Let s be v(d). Is ((-127)/s)/((-3)/6) composite?
False
Suppose -14309 + 54574 = 5*q + 5*f, 8053 = q + 4*f. Is q a composite number?
False
Let u = 358 + -62. Suppose -u = 8*d - 12*d. Suppose -y = y - d. Is y a composite number?
False
Let r = 842 + -453. Is r a composite number?
False
Let n = 19872 - 13999. Is n a composite number?
True
Is -1*(-1 - -3) + 3451 prime?
True
Let l(n) = -22*n**3 + 3*n**2 - 2*n - 2. Let r be l(2). Let q = 308 + r. Suppose z - q = -2*z. Is z composite?
True
Let d = 67 + -40. Suppose 32*n - d*n - 1445 = 0. Is n prime?
False
Suppose 6*i - 9*i - 6 = 0. Let r be i + -2*158/(-2). Let s = 223 - r. Is s prime?
True
Suppose -4*y - 510 = s, 4*y + 8*s = 3*s - 502. Let n be (-2 + -3 + 246)*1. Let z = n + y. Is z a composite number?
False
Let q(t) be the second derivative of -3*t**5/10 - t**4/6 + t**3/3 + 5*t**2/2 - 17*t. Is q(-3) composite?
True
Let o be 0 + 1230 - (2 + -1). Suppose 5*g - o = 3*n, -1064 = -4*g - 3*n - 70. Is g a prime number?
False
Suppose -229 + 202 = -3*m. Suppose 3*d - m = 0, -5*b = -4*b + 4*d - 1773. Is b a composite number?
True
Suppose 9*m = 4*m + 3*b + 3751, -4*m - 2*b = -3014. Suppose -3*y + m = 4*s, -y + 5*s = -221 - 17. Suppose -2*t = -198 - y. Is t a prime number?
True
Suppose -11*x = -6*x - 20. Suppose -4*f + 16 = 0, -3*f + x*f + 2338 = 2*g. Is g a composite number?
False
Suppose -3*u + 5*t + 8 = -7, 2*t = -5*u + 56. Is (-1)/2 + 2035/u composite?
True
Let s = -746 - -1089. Suppose -s = p + 492. Is ((-2)/5)/(1/p) composite?
True
Is (-6)/(-1) - (-17250 + 0 + 11) composite?
True
Let m(d) = 320*d - 5. Let u be 8/(-6)*(-21)/14. Let t be m(u). Suppose 0 = -8*q + 13*q - t. Is q composite?
False
Is (-13456)/(-20) - (93/(-15) + 6) a composite number?
False
Suppose 2*a - 15 + 3 = 0. Is (186/(-9))/(a/(-9)) composite?
False
Suppose -5*h + 231 + 39 = 0. Suppose -5*x + 501 = -h. Is x a prime number?
False
Let p(y) = 170*y**2 - 2*y + 1. Suppose 2*d + 1 - 5 = 0. Suppose d*x = -f + 1, -x + 3*f - 8*f - 4 = 0. Is p(x) composite?
True
Is (-2)/(-7) + (2523675/49)/5 composite?
False
Let p = -17 + 20. Let m be p + -1 + (11 - 9). Suppose -m*g + 4*l - l + 655 = 0, -g = -2*l - 165. Is g composite?
False
Let k(l) = 9*l + 4. Let b be k(-2). Let m be (-8)/28 - 20696/b. Let z = m - 601. Is z prime?
True
Suppose -4*f = 416*g - 411*g - 357, 0 = -2*g + 5*f + 123. Is g composite?
True
Let w be -3 + 24/10 + (-177)/5. Let n = w + 383. Is n a composite number?
False
Let d = 5 + 1. Suppose -3*v + d*v - 381 = 0. Is v prime?
True
Suppose -3*y + 4115 - 1094 = 0. Suppose y = 3*c - 3136. Is c a composite number?
False
Suppose 5*w = 5, 21*f - w + 53306 = 26*f. Is f a prime number?
False
Suppose o = 4*f + 10, -3*o + 4 = 2*f - f. Suppose -o*z = -9*z + 3374. Is z a prime number?
False
Let j be (-160986)/(-35) - 4/(-10). Suppose 3*f + 2*r - 3643 = 0, -j = -3*f - 5*r - 969. Is f a prime number?
True
Suppose 0 = -20*y + 70245 + 114535. Is y prime?
True
Suppose 97855 = 4*m + 3*n + 31565, -5*n - 33158 = -2*m. Is m prime?
False
Let i be 1/3 + 18/27. Is (1011 + -1)/i - (5 + -4) prime?
True
Let l be (1*2)/((-5)/15). Let d(c) = 5*c**2 + 6*c - 10. Let t(x) = -15*x**2 - 19*x + 30. Let f(s) = l*t(s) - 17*d(s). Is f(9) composite?
False
Suppose -r - 20 = -3. Let p = r - 24. Let c = -8 - p. Is c prime?
False
Let w(q) = -7*q + 7. Let k(g) = 3*g - 3. Let t(j) = -